 2*j. What are the prime factors of v?
2, 3, 7
Suppose 303122 = 36*q - 3637 - 174525. What are the prime factors of q?
29, 461
Suppose 0 = 5*h + f - 13428, 11*h + 2688 = 12*h + f. List the prime factors of h.
3, 5, 179
Let y = 128 - 129. What are the prime factors of y*22*2*(-176)/88?
2, 11
Suppose -229 + 621 = -2*k. Let j = k + 479. List the prime factors of j.
283
Let o = -66 - -88. Suppose -4*a + o = -3*g, 3 = g + 1. Suppose -5*q = -a*q + 30. List the prime factors of q.
3, 5
Let o be (0 - 20/8)*-4. Suppose 7*i - o = 5*i. Suppose 3*d + u - 6*u = 259, -435 = -5*d + i*u. List the prime factors of d.
2, 11
Suppose 4*j - 28 = 4*b, 5*b + 4*j + 9 = -17. Let m be b/4*(-1)/(3/20). Suppose 12*u - m*u - 174 = 0. List the prime factors of u.
3, 29
Suppose 14*b = 15*b - 607. Let x = b - 232. Suppose 0 = 3*c - 3, -x = -3*m - m + c. What are the prime factors of m?
2, 47
Let z = -1638 + 1811. List the prime factors of z.
173
Suppose 0 = 2*z + 3*p + 28, 0 = z - 0*z + p + 12. Let q be 75/(-10)*z/12. Suppose q*i = 286 + 139. What are the prime factors of i?
5, 17
Suppose -2*w = -8*w + 18. Suppose -1911 = -3*h + 4*y, 2*h + w*y - y = 1260. List the prime factors of h.
3, 211
Let d(n) = -18*n - 53. Let f be d(14). What are the prime factors of (f/(-2))/(1/8*4)?
5, 61
Let i be (-8)/44 + 68/11. List the prime factors of 7*i/7*9.
2, 3
Let w(g) = g**2 - 7*g - 15. Let m(x) = 2*x**2 - 15*x - 29. Let b(f) = 3*m(f) - 7*w(f). Let v be b(0). Suppose 16*y = v*y - 84. What are the prime factors of y?
2, 3, 7
Let v be 802*1*((-26)/(-4) - 6). Let w = 690 - v. What are the prime factors of w?
17
Let k(l) = -3*l**3 + 29*l**2 - 2*l - 8. Suppose 19 = 2*r + j, 2*j + 41 = 5*r - 2*j. What are the prime factors of k(r)?
2, 17
Suppose -641 = 4*c - 2*j + 7*j, 3*c + j + 467 = 0. Suppose -37*n + 28*n + 2682 = 0. Let m = c + n. What are the prime factors of m?
2, 3
Let z = 4497 + -4227. What are the prime factors of z?
2, 3, 5
Let q = 470 + -408. Let h(c) = -c - 4. Let r be h(0). Let o = r + q. List the prime factors of o.
2, 29
Let z = -11 + 7. Let l = z + 7. List the prime factors of 218/4 - l/(-6).
5, 11
Let w(b) = b**2 - 16*b + 25. Let h be w(18). Suppose v - 5*s - 8 + 60 = 0, -3*v - h = 4*s. Let a = 5 - v. List the prime factors of a.
2
Suppose -8 = 4*j + m, 10*m = 5*j + 5*m - 15. Let l(a) = 566*a**2 + 3*a + 2. List the prime factors of l(j).
5, 113
Let g = 10743 - 7503. List the prime factors of g.
2, 3, 5
Let a(j) = -781*j - 27. Let k be a(-7). Let z = k + -3262. List the prime factors of (-15)/(-13) + -1 - z/(-39).
2, 7
Let t be ((-3)/2)/(105/(-88900)). Let z = -898 + t. What are the prime factors of z?
2, 3, 31
Suppose 4 + 8 = h. Suppose h = 4*v - 0. Suppose 0 = 5*o - v - 2, 5*l - 5*o - 525 = 0. List the prime factors of l.
2, 53
Let x = 119 + -123. What are the prime factors of (((-2)/4)/1)/(x/1864)?
233
Let c(y) = -y**3 + 9*y**2 + 11*y + 1. Let t be c(10). What are the prime factors of -2 + -1 + 116 + -8 + t?
2, 29
Suppose 0 = 4*h - 5*n - 56, 32 = 5*h + n - 67. Suppose h*s - 15*s = 5*v - 24, -4*v = 4*s - 12. List the prime factors of v.
2
Suppose -14*j + 150550 = -4*j. List the prime factors of j.
5, 3011
Suppose 0 = 149*s - 16689028 + 5241805. What are the prime factors of s?
3, 25609
Let p(h) = -9*h + 4. Suppose 2*a + 2 = 0, 6*a - 4*a - 97 = 3*o. Let d be o/(-9)*-3 + 4. List the prime factors of p(d).
67
Let v = 1212 - 575. Suppose -9*i = v - 5578. List the prime factors of i.
3, 61
What are the prime factors of (-187458)/(-13) + 114/741 + 4 + 1?
5, 577
Let m(l) = l**2 - 3*l + 2. Let c be m(3). Suppose c*r - r = 2. Suppose 69 = 3*p + f - 508, 4*p - 766 = -r*f. List the prime factors of p.
2, 97
Suppose 10*u = -4*u + 1764. Suppose a + u = 7*a. Let d = 47 - a. List the prime factors of d.
2, 13
Let m = 35 - 45. Let h be m/(-7)*238/17. Suppose 0 = -2*w + h + 8. What are the prime factors of w?
2, 7
Suppose -2118 = -3*t - 3*s, 6*t = 11*t + 2*s - 3542. What are the prime factors of t?
2, 5, 71
Suppose 7*b = 10*b + 4*r - 5749, -3*b - 2*r = -5759. List the prime factors of b.
3, 641
Suppose -6*u = 8*u - 322. Let g = 174 - u. List the prime factors of g.
151
What are the prime factors of (12 + (-88281)/(-68))*8/2?
3, 1747
Let t = 9 + -5. Let j(o) = o**3 - 17*o**2 + 18*o - 26. Let y be j(16). Suppose -40 = -2*l - 4*m, l - t*m + y - 2 = 0. List the prime factors of l.
2, 3
Suppose -40*j = 14*j - 11*j - 698836. What are the prime factors of j?
2, 17, 239
Suppose 0 = 441*r - 24988134 + 5818746. List the prime factors of r.
2, 10867
Suppose 0 = -0*m + 4*m. Suppose 2*p + 2*x - 408 = m, 0*p - 3*p - x + 620 = 0. List the prime factors of p.
2, 13
Let c = 88 + -93. Let p be -888*-1*c/(-10). Suppose 4*g - p = g. List the prime factors of g.
2, 37
Suppose 5*m - k + 391 = 0, 75 - 4 = -m + 2*k. Let x = m - -421. What are the prime factors of x?
2, 3, 19
What are the prime factors of 891/(-324) - (-15)/20*69073?
2, 59, 439
Let a(v) = 225*v + 67. Let j be a(13). Suppose 20*y - j = 4*y. List the prime factors of y.
11, 17
Let f = -65726 - -101266. List the prime factors of f.
2, 5, 1777
List the prime factors of (5 - (-665)/(-140)) + 126774/8.
13, 23, 53
Let u = 44 - 36. Let j be (u - 2)/((-12)/(-8)) - 0. List the prime factors of ((-136)/(-6))/(j/12).
2, 17
Suppose 7*w = 2*w + 75. Let y be 1*-132*(w + -16). Let i = -34 + y. What are the prime factors of i?
2, 7
Let z(k) = 676*k + 1372. List the prime factors of z(18).
2, 5, 677
Let k(q) = -q + 29. Let p be k(16). Suppose -5*y + p = 28. List the prime factors of (-28)/((-2 - y) + -2).
2, 7
Let t(b) = -1679*b**3 - 2*b**2 + 6*b. Let g(m) = -1682*m**3 - 2*m**2 + 6*m + 1. Let n(l) = 5*g(l) - 6*t(l). What are the prime factors of n(1)?
3, 5, 37
Let v = -317 + 307. Let j(s) = s**3 + 12*s**2 + 24*s + 51. What are the prime factors of j(v)?
11
Let p(k) = 4*k**2 - 1. Let z = -20 - -30. Let c = z - 7. List the prime factors of p(c).
5, 7
Let a = -3018 - -5475. What are the prime factors of a?
3, 7, 13
Suppose 8*l - 6*l - 68590 = -b, -171415 = -5*l + 5*b. What are the prime factors of l?
53, 647
Suppose 0 = -4*r - 26 + 2. Let i be (21/(-6) + 3)*r. Suppose 5*j + i*t - 792 = 0, 2*t + 319 = 2*j + t. What are the prime factors of j?
3, 53
Let o(s) = -s**3 + 2*s**2 + s - 106. Suppose 0 = -5*r + 10*r. Let t be o(r). Let c = t - -234. What are the prime factors of c?
2
Suppose -8 = -2*k, 2*h - h - k - 57 = 0. Let n = -85 + h. Let o = n + 98. What are the prime factors of o?
2, 37
Suppose -7*b = 948 - 1487. Let g(m) = 20*m + 2. Let z be g(-2). Let n = z + b. List the prime factors of n.
3, 13
Suppose 0 = 10*p - 32*p + 83050. Suppose -159*l = -164*l + p. List the prime factors of l.
5, 151
Let d(v) = 43*v - 12. Let z be d(1). Suppose -24*w = -z*w + 5530. List the prime factors of w.
2, 5, 79
Suppose 6*y - 636 = -0*y. Suppose y = i + h, -2*i - i + 358 = -5*h. Suppose 0 = -4*k + 49 + i. What are the prime factors of k?
2, 5
Let t = -51 + 78. Suppose -2*n + a = -t, -3*n + 52 + 2 = 3*a. What are the prime factors of n?
3, 5
Suppose -2879980 = -80*v + 536740. What are the prime factors of v?
42709
Let r(o) = o**3 + 2*o. Let b be r(0). Suppose -11*c + 4474 - 316 = b. Let j = c - 255. List the prime factors of j.
3, 41
Let v be 3/24 + 279/72. What are the prime factors of v*7/((-14)/(-4))?
2
Let q = 7082 - 4048. Suppose 8*w - q = 1694. List the prime factors of w.
3, 197
Let i(r) = 4*r**2 + 4. Let y be i(-3). Suppose 12*v - y = 13*v. Let g = v - -116. List the prime factors of g.
2, 19
Let w = -84 - -84. Suppose -2 = -l, l + 10 = 3*x - w. Suppose 4*n - 517 = n - x*o, 3*n - 523 = -o. What are the prime factors of n?
5, 7
Let v(n) = 981*n**2 + 184*n + 1535. What are the prime factors of v(-8)?
3, 6983
Let o be 12/9*21/14. Suppose 5*b - 3*s - 15 = -o*s, 0 = -s. Suppose -b*v = 2*g - 80, 15 + 15 = g + 4*v. List the prime factors of g.
2, 23
Suppose 694898 = 122*m - 1293580. List the prime factors of m.
3, 1811
Let d(v) = 2*v + 115. Let w be d(30). Let r = w + 2. What are the prime factors of r?
3, 59
Suppose 21*n - 3*n - 72 = 0. Suppose n*r + 16 = 0, -838 = -6*x + 3*x + r. List the prime factors of x.
2, 139
Suppose -5*j - 2*k + 60217 = -16967, -3*j - 3*k = -46305. List the prime factors of j.
2, 3, 31, 83
Let c be -9*(-4)/24*-2. Let p be (-1)/(-3 - -4) + (-4 - c). List the